. What are the prime factors of d(-18)?
2, 5, 17
Suppose 4*i - 46834 = -v, -1045*v = -i - 1049*v + 11686. List the prime factors of i.
2, 5, 1171
Suppose -66*v - 57*v = -4571910. List the prime factors of v.
2, 3, 5, 7, 59
Let z(n) = -n**3 + 16*n**2 - 6*n + 10. Let w be z(16). Let g be w/18 + (-190)/45 + 4. Let d(q) = -18*q + 4. What are the prime factors of d(g)?
2, 47
What are the prime factors of -4*(-625 + 14 - -5)?
2, 3, 101
Let a(j) = -2*j + 5. Let f = -42 - -36. Let k(q) = q**2 + 5*q - 8. Let s be k(f). What are the prime factors of a(s)?
3
Let j be (1 + (-21)/(-9))/((-3)/(-9)). Let t be j/35 - (562/7 + 0). Let a = 11 - t. List the prime factors of a.
7, 13
Suppose -7*m - 141 = -169. Suppose 0 = 4*q + 5*x - 451, 0*x = -m*q + 2*x + 430. List the prime factors of q.
109
Suppose 3*g = -7*g - 3*g. Suppose g = -6*o + 7 + 17. What are the prime factors of o?
2
Let m(c) = -33*c**3 + 6*c**2 + 15*c - 102. List the prime factors of m(-13).
2, 3, 12203
Suppose 14*m - 396 = 2*m. Suppose m*h = 32*h + 299. What are the prime factors of h?
13, 23
Suppose 3*c + 5*c - 201204 = -10*c. List the prime factors of c.
2, 3, 23
What are the prime factors of (73629/(-486))/(-1*1/12)?
2, 3, 101
Suppose 131*x - 1142 = 129*x. Suppose 4263 = x*l - 564*l. List the prime factors of l.
3, 7, 29
List the prime factors of ((25 - 11) + -21)*-261.
3, 7, 29
Suppose 0*n - 16970 = -0*n - 2*n. List the prime factors of n.
5, 1697
Suppose -5*j - 48 = -13*j. List the prime factors of 18*(212/j)/((-4)/(-3)).
3, 53
Let p be ((-1)/(-2))/(-4*2/(-64)). Suppose 2*u - 9 + 673 = 3*d, 2*d = -p*u + 464. Let t = -139 + d. List the prime factors of t.
5, 17
Suppose -22*b = -3*b - 228. Suppose 1570 = 22*n - b*n. List the prime factors of n.
157
Suppose 0 = 3*d - 4*i + 13, 0 = 2*d - i - 3 + 10. Let n be 49/1 - d*(-3)/9. Suppose -2*r + n = -108. List the prime factors of r.
2, 3, 13
Let g(p) = -2*p**3 - 7*p**2 - 6*p - 25. Let f be g(-6). Let y = f - -321. What are the prime factors of y?
2
Let r(j) = 9*j**2 - 9*j - 3. Let t(o) = -46*o**2 + 44*o + 15. Let q(u) = -11*r(u) - 2*t(u). Let f be q(5). Let x = -73 - f. List the prime factors of x.
2, 11
Let s = 22971 + -8507. List the prime factors of s.
2, 113
Suppose 0 = 11*d - 15391 - 81838. List the prime factors of d.
8839
Suppose -849*j + 853*j = -2*z + 205264, 4*j - 2*z - 205280 = 0. What are the prime factors of j?
2, 3, 2851
Suppose -5*f = -4*v - 31419, 3*v - 10625 = -3*f + 8248. What are the prime factors of f?
6287
Suppose -15564 + 64589 = 17*f - 12*f. List the prime factors of f.
5, 37, 53
Suppose -5*s - u = -47584, -2*s + 19016 = -0*s - 4*u. List the prime factors of s.
2, 3, 13, 61
Let v = -10172 + 34209. List the prime factors of v.
13, 43
Let f = -9939 - -16245. List the prime factors of f.
2, 3, 1051
Let r(u) = -u**3 + 20*u**2 + 8*u - 29. Let s(t) be the third derivative of 5*t**4/6 + 6*t**2. Let o be s(1). What are the prime factors of r(o)?
131
Let s be (-240)/(50/(-10) - (-7 - -1)). What are the prime factors of (4 + (2 - 10))*s/2?
2, 3, 5
Suppose -7*u = -5*u - 4, 2*f = -5*u + 30296. List the prime factors of f.
19, 797
Let p = -3120 + 5669. Let w = p + -1808. What are the prime factors of w?
3, 13, 19
Let j(z) = 35*z**2 + 111*z - 877. List the prime factors of j(8).
2251
Let a be 4 - (-147)/((-7)/(-1)). Suppose -3*z = a*z - 18760. What are the prime factors of z?
2, 5, 67
Suppose -4*v = -3*y + 13, -5*v = -y + 4 + 4. Suppose -4*z + 20 = 0, -18*s + 15*s + 2*z = -1310. Suppose -y*f - f + s = 0. List the prime factors of f.
2, 5, 11
Suppose r = -73*c + 76*c + 62414, c = -3*r + 187262. List the prime factors of r.
2, 5, 3121
Suppose 5*r - 10 = 15. Suppose -690 = -r*m - 3*b, -2*m + 130 + 167 = -3*b. List the prime factors of m.
3, 47
Suppose 2*a = d, 3*d - 6 = 7*d - 5*a. Let z be (-25)/30*d/10*21. Suppose -5*y + z*y - 96 = 0. List the prime factors of y.
2, 3
Let f(r) = -r + 4. Let t be f(9). List the prime factors of -1 + t + 0 + 229.
223
Let s be (-3 - (-3 + 3))*-1. Suppose 5*l = 3*o + 19, l = s*l + 5*o - 20. Suppose -l*f - 23 = -178. List the prime factors of f.
31
Let g = -119 - -126. Suppose g*s - 2064 = 414. List the prime factors of s.
2, 3, 59
Let l(v) = 4*v**3 + 12*v**2 - 7*v - 204. What are the prime factors of l(17)?
3, 17, 149
Suppose -31*w + 17475 = -56*w. Let g be 2*1*3/(-1). What are the prime factors of (w/(-12))/(g*5/(-120))?
233
Suppose -x + 7297 = 4*p, -100*x - 4*p = -97*x - 21931. List the prime factors of x.
3, 271
List the prime factors of 2146928/232 - (1 + -2)*3*-1.
11, 29
Let y(f) be the third derivative of 47*f**6/120 + f**5/60 - f**4/12 + 7*f**3/6 + 2*f**2 - 24. List the prime factors of y(2).
383
Let m = -111 - -111. What are the prime factors of -3 + (-2205)/(m + -5)?
2, 3, 73
Let x = 1520 + -873. Let p = x + -282. What are the prime factors of p?
5, 73
Let t be 0/(-3 + -2 + 3). Suppose -15*h + 14*h + 191 = t. What are the prime factors of h?
191
Suppose 651159 + 795517 = 141*f - 43*f. What are the prime factors of f?
2, 11, 61
Suppose 3*q - i - 660 - 9744 = 0, 5*i = 2*q - 6923. List the prime factors of q.
3469
Let n(h) = h**3 + 21*h**2 - 24*h - 35. Let z be n(-14). Suppose 0 = 5*r - 5*k - 782 - 903, -z = -5*r + k. Let i = 493 - r. What are the prime factors of i?
3, 53
What are the prime factors of (84 + -86)/((-2)/2417)?
2417
Suppose 334*r + 0*r = 19747082. List the prime factors of r.
59123
Let k be 7191/85 - (13/5 - 2). Suppose -k = 9*f - 12*f. List the prime factors of f.
2, 7
Suppose 5*l = n + 2, -2 + 6 = -4*l - 2*n. Suppose 6*m + 4*m = l. Suppose -6*u + u + 695 = m. List the prime factors of u.
139
Let p = 14686 - 4900. List the prime factors of p.
2, 3, 7, 233
Let r(y) = 8*y - 12. Let u be r(2). Suppose u*j = 4*a - 2336, 0 = 2*a + a + 2*j - 1747. What are the prime factors of a?
11, 53
Let z be 1/((-1461)/(-5089) - (-24)/(-84)). Let y = z - 247. List the prime factors of y.
2, 3, 5
Let x = 36 + -34. Suppose x*p = 15*p. Suppose -3*f + 2*n = -p*f - 180, n = -3*f + 171. List the prime factors of f.
2, 29
List the prime factors of (-140377)/(-12) - (-11)/(-2244)*17.
2, 5849
Let y be ((-12)/63)/(-2) - 2320/(-336). Suppose -y*l = -1467 - 2068. What are the prime factors of l?
5, 101
Let i(j) = j**3 - 26*j**2 + 15*j - 9. Let o be i(26). Suppose 804 = 3*r + h - o, 0 = -5*h. What are the prime factors of r?
5, 79
Let h be (-17)/((-2)/4 + 153/374). What are the prime factors of 34/h + 15704/22?
2, 3, 7, 17
Let m(o) = -4*o + 12. Let g(k) = k. Let p(d) = -6*g(d) - m(d). Let b be p(-6). Suppose 7*j - 21 = -b. What are the prime factors of j?
3
List the prime factors of 240712/12 - 2 - 4/(-6).
2, 3, 3343
Suppose 155 = 28*x + 3*x. Suppose 9*z + x*h - 1255 = 7*z, 5*h = -3*z + 1870. List the prime factors of z.
3, 5, 41
Suppose -10*y = 1117 - 9147. Suppose -2*j - 4*q + 2655 = y, j = 3*q + 936. List the prime factors of j.
2, 3, 5, 31
What are the prime factors of 9 - (-35 - -2)*143?
2, 3, 197
Let d = 16089 + -13476. List the prime factors of d.
3, 13, 67
List the prime factors of (5/((-100)/69555))/(6 - 584/96).
3, 4637
Suppose -2 = -o - 1. Suppose -w = o - 3. Suppose -131 = -5*z + 3*v, -z + 79 = 2*z - w*v. List the prime factors of z.
5
Suppose 3*v = -t + 89, -309*v + 310*v = t - 73. Let q = 159 - 73. Let j = q - t. What are the prime factors of j?
3
Suppose -2*n - h + 77126 = 0, -12*n + 15*n = -3*h + 115689. List the prime factors of n.
7, 787
Let r = 9794 - 4947. List the prime factors of r.
37, 131
What are the prime factors of (-5428)/(-115)*(4 - (16/(-4) - -3))?
2, 59
Let o be 0/(-5*(-6)/30). Suppose -w = -3*c - 387, -4*w - 2*c + 1520 = -o*w. List the prime factors of w.
3, 127
Let j(r) = 2*r**3 + 15*r**2 - 8*r + 3. Let s be j(-8). Suppose -4*u = -5*a - 3, -s*a = u - 5*u - 3. List the prime factors of (-1)/((-7)/u) + (-14910)/(-147).
101
What are the prime factors of 30 + (-75)/3 + 277*65?
2, 5, 1801
Suppose -2*m + 22 - 16 = 0. Suppose 2*l - 380 = -3*x, x - 728 = -4*l + m*x. What are the prime factors of l?
2, 23
Suppose -4*q - g + 36121 = -2*g, -2*g + 27099 = 3*q. What are the prime factors of q?
11, 821
Let q(i) = -17*i**3 + 85*i**2 + 39*i + 119. Let n(h) = 3*h**3 - 17*h**2 - 8*h - 24. Let o(v) = 11*n(v) + 2*q(v). What are the prime factors of o(-18)?
2, 239
Suppose 6*w + 398 = 4*w. Let h = 125 + w. Le